5/(-10)*((-224)/21)/2 is divided by s(-5)?
3
Suppose 0 = -7*b + 2*b. Suppose -3*c + 0*c + 375 = b. Calculate the remainder when c is divided by 18.
17
Suppose x = 5*x - 344. Let z(w) = 6*w**2 + 9*w - 21. Let m be z(5). Suppose 13*b = 7*b + m. Calculate the remainder when x is divided by b.
28
Calculate the remainder when (-80)/(1/(7/(-2))) is divided by 22.
16
Suppose 3*y - 5*o = 7, -4*o - 8 = -0*o. Let p = y + 3. Suppose -p*s + 2*l = -30, -s = -3*l + 6 - 21. Calculate the remainder when 57 is divided by s.
12
Suppose 5*l - 1 = -v, l - 14 - 15 = -5*v. Suppose v*o + 2*o = 120. Calculate the remainder when 222 is divided by o.
12
Let u = 72 - 64. Let s = 66 + -37. What is the remainder when s is divided by u?
5
Suppose 24*z = -42 + 330. Calculate the remainder when 190 is divided by z.
10
Let t(j) = j + 2. Suppose 3*n - 12 + 0 = 0. Let i be t(n). Suppose 424 = i*w + 2*w. What is the remainder when w is divided by 18?
17
Let r(w) = w**3 + 6*w**2 - 10*w - 11. Let l be r(-7). Suppose 5*h = d - l + 59, h + d - 11 = 0. What is the remainder when 39 is divided by (3*h)/(6/4)?
19
Let c be 2/17 + 185/17. Let b = 53 - c. Suppose 3*k - b = -3*q, 3 - 9 = -3*q. Calculate the remainder when 22 is divided by k.
10
Calculate the remainder when ((-234)/15)/(1*7/(-70)) is divided by 36.
12
Suppose 0 = -3*s + 5*z + 273 + 167, 2*s - 4*z - 292 = 0. What is the remainder when s is divided by 46?
12
Suppose -55 = -4*v + r, 0 = -2*v - 0*r + 2*r + 20. What is the remainder when (-51)/255 + (-292)/(-10) is divided by v?
14
Let k(t) = -3*t - 2. Let i be k(-2). Suppose 2*p - 10 = -i. Calculate the remainder when (-5)/((-15)/9) - -1 is divided by p.
1
Suppose 2*k = 25 + 125. Let w = -1408 + 1435. Calculate the remainder when k is divided by w.
21
Let q(z) = 3*z**3 - z**2 - 2*z + 4. What is the remainder when q(3) is divided by 18?
16
What is the remainder when 58 is divided by (-1224)/(-90)*(-10)/(-4)?
24
Calculate the remainder when (((-2448)/(-20))/(-1))/(42/(-105)) is divided by 52.
46
Let m(n) = -2*n + 3. Let b be m(-4). Suppose 8*w - b = 7*w. Calculate the remainder when w is divided by 5.
1
Let v = 4 + 641. Calculate the remainder when v is divided by 9.
6
Let q = 1109 + -1088. What is the remainder when 52 is divided by q?
10
Let i(u) = 6*u - 34. Let h be i(6). Suppose c - 24 = x - 5*x, 3*c = -h*x + 12. Calculate the remainder when x is divided by 3.
0
Suppose -3*p = 3*h - 321, -4*h - 161 = -5*p + 419. Calculate the remainder when p is divided by 31.
19
Calculate the remainder when 847 is divided by 25/(-75)*102/(-2).
14
Let f(k) = -k**2 - 13*k - 15. Calculate the remainder when 113 is divided by f(-9).
8
Let l = -74 - -77. Suppose -g + 4*s = -50, -g + l*s - 155 = -3*g. What is the remainder when g is divided by 36?
34
Suppose 897 = 11*s + 215. Calculate the remainder when s is divided by 35.
27
Let t(x) = 2*x**2 + 13*x + 19. Suppose k - 4*k + 24 = s, 84 = 5*s - 3*k. Calculate the remainder when t(-10) is divided by s.
17
Calculate the remainder when (-28)/(-126) - 4395/(-27) is divided by 13.
7
Let a = -2510 + 2515. Calculate the remainder when 115 is divided by a.
0
Suppose 0 = -8*l + 3*l - 5. Let b = 2 - l. Suppose -5*s - 18 - 11 = -b*q, 2*s - 69 = -5*q. Calculate the remainder when 36 is divided by q.
10
Suppose -241 = 3*t - 445. Calculate the remainder when t is divided by 19.
11
Suppose 0 = -2*z + 1 - 3. Let m(w) = -2*w**2 + 27*w + 221. Calculate the remainder when (2 + 17 - z) + 2 is divided by m(19).
10
Let p(k) = -k**2 - k + 258. What is the remainder when (-7 - 0)*-5 - 1 is divided by p(-16)?
16
Calculate the remainder when 313 is divided by (40/(-16))/(14/(-224)).
33
Let x(u) = -17*u + 1 + u**2 + 15*u + 1. Let l be x(2). Suppose -4*y - 16 - 49 = -3*p, -3*p + 67 = -l*y. Calculate the remainder when p is divided by 8.
7
Suppose -3*m + y - 5 = 0, -m - 29 = -4*y - 9. Suppose 3*f = r + 69, 81 = 4*f - 5*r - m*r. Calculate the remainder when 191 is divided by f.
23
Calculate the remainder when 63 is divided by ((-2)/(-8))/(41/2788).
12
Let c = 619 - 353. Calculate the remainder when c is divided by 54.
50
Let x(u) = -2*u + 3. Calculate the remainder when 334/6 + 4/12 is divided by x(-6).
11
Suppose 120*j - 238 - 362 = 0. Calculate the remainder when 10 is divided by j.
0
Suppose -2*o + o - 49 = -d, 5*o - 98 = -2*d. Calculate the remainder when d is divided by (-56)/(-6) + (-8)/(-12).
9
Let o(q) = 3*q**3 + 2*q**2 - q - 1. Suppose 2*p + 3*w = 10, 0 = p + p + 5*w - 14. Let k = 4 - p. What is the remainder when o(k) is divided by 10?
9
Let f = 14 - 14. Suppose 2*p - 24 = -f*n - 4*n, 0 = -4*p + 8. Calculate the remainder when (-6)/(-10) - (-52)/n is divided by 3.
2
Suppose 5*j = -0*j + 520. Suppose j = c + 12. Suppose r = -2*o + c, -4*r + 78 = -2*o - 300. What is the remainder when r is divided by 24?
22
Suppose -40*p + 113 = f - 36*p, -3*f + 3*p + 414 = 0. What is the remainder when 1329 is divided by f?
132
Calculate the remainder when (-4140)/322*(-14)/4 is divided by 18.
9
Let x(g) = -6*g - 14. Let a(o) = 6*o + 14. Let l(b) = -3*a(b) - 4*x(b). Calculate the remainder when l(7) is divided by 29.
27
Suppose -4*j = -2*l - l + 186, 5*l = -5*j - 250. Let p = -285 + 256. Let h = p - j. Calculate the remainder when 75 is divided by h.
18
Suppose -h + 3*n = 28, -3*h - n - 77 = -3*n. Let f = h + 40. Calculate the remainder when 71 is divided by f.
11
Suppose -h - 2*h = -5*t + 180, 5*t - h - 170 = 0. Suppose -2*m + 2 = 6. What is the remainder when t is divided by (m + 0)*-5 - 1 - 2?
5
Suppose v = 2*f - 2, -v + 5*v - 4*f = -4. Let z(a) = -a**3 - a**2 - a + 12. Calculate the remainder when 20 is divided by z(v).
8
Let h(k) = 20*k**3 - 1. What is the remainder when 51 is divided by h(1)?
13
Let u(o) = -70*o**2 + 18*o + 0*o**3 + 5 + 51*o**2 - o**3. Calculate the remainder when u(-20) is divided by 8.
5
Let q = 7338 + -7336. Let g = -4 + 7. What is the remainder when g is divided by q?
1
Let g = 256 - 65. What is the remainder when g is divided by 40?
31
Suppose -34 = -4*s - 2*f, -2*s = 2*f - 0*f - 16. Suppose -x = 19 - 24. Calculate the remainder when x is divided by (-4)/((-12)/s) + 1.
1
Suppose -36 = -3*z - 5*f + 39, 5*z = -f + 125. Let k = 111 - 14. What is the remainder when k is divided by z?
22
Suppose -5*g - 280 + 345 = 0. Suppose 4*i - 89 = 5*d, 3*d = 2*d - 1. What is the remainder when i is divided by g?
8
Let h = -11 - -22. Let c be ((-4)/4)/(3/(-12)). Suppose 0 = -j + c, -2*j + 3*j - 18 = -2*n. What is the remainder when h is divided by n?
4
Suppose 8*h - 13*h = 10. What is the remainder when 79 is divided by (h - -5 - 2)*27?
25
Suppose 9*x - 4*x - 86 = 2*d, 4*x - 80 = -4*d. What is the remainder when 98 is divided by x?
8
Suppose 482 - 542 = -3*o. Calculate the remainder when 151 is divided by o.
11
Let a(y) = -y**3 - 10*y**2 + 18*y + 4. Let p be a(-12). Let n = 28 + -15. What is the remainder when (-6 + 11)*p/10 is divided by n?
12
Suppose -5*o - 19 = -x - x, 14 = x - 4*o. Suppose 5*i + 5*l - 330 = 0, x*i + l - 80 - 49 = 0. Calculate the remainder when i is divided by 16.
15
Suppose -62*a = -12739 + 2943. Let y(o) = 4*o**2 - 6*o + 2. Let m be y(4). Calculate the remainder when a/7 - (-18)/m is divided by 9.
5
Suppose 0 = 3*y + 15, 2*y + 25 + 94 = j. Let i = j + -72. What is the remainder when i is divided by 0 - (1 + -2 - 7)?
5
Let f = -332 + 339. Calculate the remainder when 13 is divided by f.
6
Let r = 27 + -8. What is the remainder when r is divided by 5?
4
Suppose -126 = -3*j + j. Let t be (-36)/3*(-25)/20. Suppose 4*d = -2*v - 0*d + 20, -5*d = t. What is the remainder when j is divided by v?
15
Suppose -8*t + 74 + 62 = 0. Suppose 65 = 8*z + t. Suppose -w - 39 = -4*l, -3*l + 2*w = w - 29. What is the remainder when l is divided by z?
4
Let o(q) = q**2 - 14*q + 52. Let r be o(10). Suppose -4*a + a + 3*k + 36 = 0, -5*k + r = 4*a. Let t = 2 - -12. What is the remainder when t is divided by a?
6
Let p = 248 - 141. Let f = p - 103. What is the remainder when 5 is divided by f?
1
Let z = 64 - 35. What is the remainder when 140 is divided by z?
24
Let p = -8 - -61. Let z = p - 18. Calculate the remainder when z is divided by 6.
5
Let m(h) = -3*h**2 - 4*h - 1. Let k(y) = -y**2 + y + 1. Let a(d) = 12*k(d) - 3*m(d). Calculate the remainder when a(8) is divided by